 divided by r(q).
1
Suppose w + 19 - 56 = 2*q, w - q = 33. Let i = w - -9. Calculate the remainder when (-1 + -1)*i/(-4) is divided by 4.
3
Suppose 0 = -6*q + 69 - 15. Let i = 3 - 6. Let f(s) = 2*s**2 + 5*s + 2. What is the remainder when q is divided by f(i)?
4
Suppose -m = -3*m - 3*l - 8, 0 = 5*l. Let i(a) = -2*a**2 - 2*a - 1. Let f be i(m). Let v = 78 + f. Calculate the remainder when v is divided by 14.
11
Suppose 23*s + 15*s = 418. What is the remainder when (-15)/(-5) + 2*25 is divided by s?
9
Suppose 2 = -3*f - 4. What is the remainder when (f/(-5))/((-3)/(-270)) is divided by 13?
10
Calculate the remainder when 996 is divided by (24 + -26)/(-2 - (-144)/74).
34
Suppose -17*f - 3 = -18*f. Suppose -35 = -3*u + 4*x, -3*u + 7*u + f*x = 55. What is the remainder when 25 is divided by u?
12
Suppose 6*i - 4 - 2 = 0. Calculate the remainder when 0 + i + (-136)/(-2) is divided by 15.
9
Suppose 0 = 3*s + 199 - 22. Let z = 72 + s. Calculate the remainder when 22 is divided by z.
9
Suppose 0 = -n + 5*n - 32. Suppose 3*y - 165 = -8*y. Calculate the remainder when y is divided by n.
7
Let d = 28 - 22. Let l = d + 5. What is the remainder when 43 is divided by l?
10
Suppose 139*j - 231 = 132*j. Let g = -48 - -110. Calculate the remainder when g is divided by j.
29
Suppose 0 = 159*d - 163*d + 156. Calculate the remainder when 112 is divided by d.
34
Let g(o) = o**3 + 15*o**2 - 24*o - 31. Let q be g(-16). Suppose -4*y + q = -183. What is the remainder when y is divided by 18?
16
Let j = 418 - 409. What is the remainder when 206 is divided by j?
8
Let m be -2 - (97 - 15/5). Let q = -54 - m. What is the remainder when q is divided by 23?
19
Let w(k) = 15*k - 305. Calculate the remainder when w(21) is divided by 9.
1
Suppose 5*l - 155 = -z, z - 69 = -2*l - 4. Let b = 0 - -11. Calculate the remainder when l is divided by b.
8
Suppose 4*f - 380 = 5*n + 347, -n = -4*f + 747. What is the remainder when f is divided by 64?
60
Suppose -3*n + 12 + 3 = 0, 3*n - 345 = -5*x. Suppose 3*j - 12 = x. Let p = j - 4. Calculate the remainder when p is divided by 8.
6
Let g = -55 + 49. Let m(b) = -b**3 - 5*b**2 + 6*b + 6. What is the remainder when m(g) is divided by 2?
0
Let j(w) = w**3 - w**2 + w + 11. Let v(d) = -d**2 - 8*d - 7. Let n be v(-7). Suppose -3*a = -0*a - 21. What is the remainder when j(n) is divided by a?
4
Suppose -b = -3*d - 32, d - 128 = b - 6*b. What is the remainder when 147 is divided by b?
17
Let b(r) be the first derivative of r**3/3 - 5*r**2/2 - 3*r - 5. Calculate the remainder when (8/10)/((-1)/(-5)) is divided by b(6).
1
Suppose 2*s + 2*l = 5*s - 94, 2*s - 58 = -l. Calculate the remainder when 1486/26 - 4/26 is divided by s.
27
Suppose 10*g = 6*g - 40. Let c = g - -11. Let k = 10 + -8. Calculate the remainder when k is divided by c.
0
Suppose 0 = -q - 6*q + 14. Let l(r) = 3*r**3 - 4*r**2 + 4*r - 4. What is the remainder when l(q) is divided by 7?
5
Suppose 30*l = 48*l - 3582. Calculate the remainder when l is divided by 8.
7
Let d be (-2 - -11)*((-8)/(-2) + -2). Suppose 6*n - d = -0*n. What is the remainder when 23 is divided by n?
2
Let w be 46/14 + 34/(-119). Suppose -3*r + 6*r = -w*t + 120, 150 = 4*r + 2*t. Calculate the remainder when 4/(-16) + (-553)/(-4) is divided by r.
33
Let c(v) = -v**2 - 21*v + 17. Calculate the remainder when 478 is divided by c(-16).
90
Suppose 4*u + 2*s - 42 = 6, u + 5*s = 30. What is the remainder when 487 is divided by u?
7
Let z(r) be the second derivative of 5*r**3/6 + r**2/2 - r. Suppose 0 = -x + 5*y - 5 - 3, -4*y = -4*x. Calculate the remainder when 52 is divided by z(x).
8
Suppose -10 = p + 3*q + 26, 4*q = 0. Let w = 69 + p. What is the remainder when 129 is divided by w?
30
Suppose -74 = 5*w - 29. Let h(z) = 45*z + 3. Let o be h(1). Let f = o + w. Calculate the remainder when f is divided by 14.
11
Let l = -7 + 5. Let i(z) = -2*z + 1. Let q be i(-3). Let j = q - l. What is the remainder when 17 is divided by j?
8
Let c = -52 + 101. Suppose 6*g - 163 = 35. Let s = -16 + g. What is the remainder when c is divided by s?
15
Let g = -434 + 300. What is the remainder when 44 is divided by (-14)/(-21) + g/(-6)?
21
Calculate the remainder when (-69)/92*(-56)/3 is divided by 9.
5
Suppose 0 = 18*d - 19 - 89. Calculate the remainder when 67 is divided by d.
1
Calculate the remainder when ((-230)/12)/(62/(-372)) is divided by 33.
16
What is the remainder when 121 + ((-4)/(-5))/((-26)/(-65)) is divided by 18?
15
Let i = -108 + 116. Calculate the remainder when 126 is divided by i.
6
Suppose 8 = -4*q, 2*q + 420 = 4*y + 6*q. Calculate the remainder when 637 is divided by y.
102
What is the remainder when 46 is divided by 476/72*2 - 12/54?
7
Suppose 3*p - 4*d - 16 = 0, 4*d + 5 = -d. Suppose 7 - 23 = -p*t. What is the remainder when 13 is divided by t?
1
Calculate the remainder when 76 is divided by (-3)/24 - (-161)/8.
16
Let r = 203 + -129. Let w = 205 - 117. Suppose 13 = -5*i + w. What is the remainder when r is divided by i?
14
Suppose 0 = -g - 5*v + 4, -v = g - 6*v + 6. Let y(m) = 2*m + 1. Let c be y(g). What is the remainder when (-1 - (c + 1))*-33 is divided by 9?
6
Calculate the remainder when 48 is divided by 2/3 - (-470)/(-15)*-1.
16
Suppose -16 = -w + 29. Let i = 24 - 29. Let r(j) = -2*j + 2. Calculate the remainder when w is divided by r(i).
9
Let b(l) = l**2 - 9*l - 8. Let t be b(10). Suppose -57 = -t*d + 29. What is the remainder when d is divided by 15?
13
Let v = -11 + 7. Let j be (-166)/(-4) - (-2)/v. Let h = 65 - j. Calculate the remainder when h is divided by 9.
6
What is the remainder when 276/1794 - (-21032)/13 is divided by 15?
13
Suppose -5*n = 2*m - 2*n - 757, 4*m = -n + 1509. Calculate the remainder when m is divided by 18.
17
Calculate the remainder when 36 is divided by 9 - -1 - 9/((-117)/13).
3
Calculate the remainder when (-2)/(-23) + (-5730)/(-230) is divided by 2.
1
Suppose 3*n = 15, 5*n = 3*x - 4*x + 35. Let a = 9 + x. Let w(p) = 4*p**2 + 38*p + 89. Calculate the remainder when w(-9) is divided by a.
14
Suppose 36*c = 37*c - 24. Calculate the remainder when c is divided by 3.
0
Suppose -27*n = -24*n. Calculate the remainder when 146 is divided by 339/9 + n + (-12)/18.
35
Let g(w) = -w + 3. Let b(j) = j**3 + 4*j**2 + 5*j + 2. Let y be b(-3). Let m be g(y). Suppose -r = m - 22. What is the remainder when 44 is divided by r?
14
Let w be (-4)/(-10) - (-539)/(-35). Let z = 1 - w. Let a = z + -7. Calculate the remainder when 15 is divided by a.
6
Suppose 4*g - 34 = -3*q + 9*g, -14 = -3*q + g. Suppose 0 = -5*f + 5*d + 45, 0*f - q*d = -f - 1. What is the remainder when f is divided by 6?
2
Suppose t - 13 = k, 2*k + 3 = 3*k. Calculate the remainder when -1 + -3 + 30 + 4 is divided by t.
14
Let c(z) = 6*z**2 + 5*z - 37. What is the remainder when c(5) is divided by 21?
12
Let q(l) = l**3 - 51*l**2 + 51*l - 41. Calculate the remainder when 13 is divided by q(50).
4
Suppose -3*j + 27 = -6. Let v = -4 + j. What is the remainder when v is divided by 6/(-2) + (-3 + 3 - -5)?
1
Let d(i) = i**3 + 16*i**2 + 26*i - 7. Calculate the remainder when d(-14) is divided by 5.
1
Let v(k) = 4*k - 2. Let j = 1 - 6. Let z = 10 + j. What is the remainder when 52 is divided by v(z)?
16
Let c = 1155 - 1100. Calculate the remainder when 212 is divided by c.
47
Suppose 1779 = 5*h - 2*d, h - 3*d - 363 = d. What is the remainder when h is divided by 21?
19
Let j = 66 - 36. What is the remainder when (-24)/(-16) - 233/(-2) is divided by j?
28
Suppose -95 = -5*h + 5*c, -3*h + 3*c - 4*c = -49. What is the remainder when 132 is divided by h?
13
Suppose -99 = -4*x - 5*a, 3*x - 75 = -2*a - a. What is the remainder when 202 is divided by x?
20
Let k = 5773 + -5747. Suppose -6 = 2*u - 24. What is the remainder when k is divided by u?
8
Suppose 0 = 3*h - 92 - 70. Calculate the remainder when 150 is divided by h.
42
Suppose 79 = 14*c - 75. What is the remainder when 119 is divided by c?
9
Let a(w) = -2*w + 6*w + 0*w + 2*w. Calculate the remainder when a(5) is divided by (16/(-5))/((-2)/10).
14
Let k = -270 + 96. Let j = k - -291. What is the remainder when j is divided by 30?
27
Let c = 477 + -457. Suppose 0 = -i - 4 + 16. What is the remainder when c is divided by i?
8
Let l(p) = -12*p + 29. Calculate the remainder when l(-6) is divide